 prime factors of p?
2, 3, 5, 7
Let m(f) = f**2 + 130*f - 671. What are the prime factors of m(89)?
2, 5, 941
Let w(u) = -135*u + 8. Let n(x) = 135*x - 4. Let r(t) = -4*n(t) - 3*w(t). List the prime factors of r(-1).
127
List the prime factors of (4 + (2 - 9))/(18/(-60318)).
3, 1117
What are the prime factors of -10 - (-3 - (-15760)/(-4))?
3, 19, 23
Let i be (75/30)/(1/(-2)). Let c be i - (6/(-5))/((-6)/(-20)). What are the prime factors of 207/46*(14/6 + c)?
2, 3
What are the prime factors of ((-3675)/14 + 19)*-2*32?
2, 487
Let h(k) = 9*k**3 + 6*k**2 - 217*k - 25. List the prime factors of h(15).
5, 5689
Let p = -136 + -206. Let m be ((-8)/6)/((32/p)/8). Suppose -2*l + 0*l + 165 = 5*c, 2*l = 4*c - m. What are the prime factors of c?
31
Let g be -2*5/(-10) + 0 + 5. Suppose 2 + g = 2*q. Suppose -178 = -c - 2*u, -538 = -3*c - 0*u - q*u. What are the prime factors of c?
2, 7, 13
Let w be 1/(((-18)/(-12))/((-411)/(-1))). Let h = w + 110. What are the prime factors of h?
2, 3
Let r(y) = 19*y + 38*y + 0 - 3*y - 17*y - 8. Let q be (2 + -17)*1/(-3). What are the prime factors of r(q)?
3, 59
Let y = 347 - 324. Suppose y*c - 4*c = 3515. List the prime factors of c.
5, 37
Let u = 54468 + -20565. What are the prime factors of u?
3, 3767
Suppose -6*k + 5*k = -74. Suppose 7*i - 235 = -k. Suppose -r + i + 28 = 0. List the prime factors of r.
3, 17
List the prime factors of 17 + 3647 + (-99)/(-11).
3673
What are the prime factors of 692658/93 - (-30)/465?
2, 7, 19
Let v(c) = 24*c - 177. Let a be v(-31). Let m = 1714 + a. What are the prime factors of m?
13, 61
List the prime factors of (-1 + 153643)*(-53)/(-106).
3, 29, 883
Suppose -5*m = -11484 + 519. Suppose -1237 = -4*q - 3*k, 2*k - 618 + m = 5*q. What are the prime factors of q?
313
Let y = -1036 - -3579. What are the prime factors of y?
2543
Let d(h) = 4921*h**2 + 13*h - 43. What are the prime factors of d(4)?
5, 15749
Let y = 420 + -374. List the prime factors of 527 - ((-114)/22 + y/253).
2, 7, 19
Let z(o) = o**2 - 197*o + 8452. What are the prime factors of z(146)?
2, 503
Suppose -w = -2*k + 2, -3*w + 4*k - 2 = -0. Suppose -4*g + 9*g = -20, -420 = -w*t - 3*g. What are the prime factors of t?
2, 3
Suppose -29*b + 54 = -33. What are the prime factors of (-7)/42*-1684*b/2?
421
Suppose 4*u = 51 - 35. Suppose -2*i - 382 = u*d, 2*d + d = 5*i - 267. Let b = d - -157. What are the prime factors of b?
3, 7
Suppose 28*u + 1761816 = 30*u + 40*u. List the prime factors of u.
2, 10487
Let o(a) = 5*a - 26. Let i be o(5). Let f be (-15)/60*i*12. List the prime factors of (-45)/(-6)*-1*(-80)/f.
2, 5
Let m(w) = -w + 7. Let k be m(-8). Let h be 7 + 4*k/20. Let o(z) = -2*z**3 + 19*z**2 + 16*z - 13. List the prime factors of o(h).
47
Let i = -795 + 2891. Suppose -2*r - 8*n + 3*n + i = 0, 0 = -r - 5*n + 1048. What are the prime factors of r/20 - ((-24)/(-10) + -2)?
2, 13
List the prime factors of -789*(-18)/(864/464).
29, 263
Suppose 3*o - 82 = 2*u + 2*o, -4*o = -8. What are the prime factors of ((-328)/u - 6)/(2/170)?
11, 17
Suppose -58 = 4*y - 2*p, 3*y + y - 3*p = -55. Let i be (-440)/12 - (-8)/12. Let h = y - i. What are the prime factors of h?
2, 5
Suppose 7739 - 1894 = v + 5*g, -g = -2. What are the prime factors of v?
3, 5, 389
Suppose -39*r - 21*r - 973132 + 2815192 = 0. What are the prime factors of r?
11, 2791
Suppose 0 = 8*c - 4*c - 20. Suppose h + c*z + 15 = -0*h, 11 = 3*h + z. Suppose 531 = 3*m + h*t, -3*m + 6*m + 4*t = 528. List the prime factors of m.
2, 43
Suppose 26*p - 4962 = 14 + 4020. What are the prime factors of p?
2, 173
Let a = 1420 + 6194. List the prime factors of a.
2, 3, 47
Suppose 4*x - 64 = -84. Let z(g) = 8*g**2 + 4*g + 19. List the prime factors of z(x).
199
Let h = -315 + 518. Let v = h - 145. What are the prime factors of v?
2, 29
Let f(h) = 3*h - 10. Let x be f(4). List the prime factors of 870*(-4 - (-9)/x).
3, 5, 29
Suppose 2*r - 2*v = 524 - 64, 3*r - 2*v - 694 = 0. Suppose -221*q + r = -219*q. List the prime factors of q.
3, 13
Let p = -125 + 147. Let o = p + -5. List the prime factors of o.
17
Suppose -3*k + 2*y + 3*y = -36415, 2*k - 24280 = 5*y. List the prime factors of k.
3, 5, 809
Suppose 7*k + 32*k - 6*k = 1182786. What are the prime factors of k?
2, 17921
Let g be (-4 - (-7 + 12))*2/3. What are the prime factors of (g/(-5))/(-6) - (-38192)/35?
1091
Suppose 110*j = 104*j + 81252. List the prime factors of j.
2, 3, 37, 61
Suppose 0 = -2*j, -2*t = -0*j - j + 1870. Let u = -528 - t. List the prime factors of u.
11, 37
Let d(r) = 2048*r - 7977. List the prime factors of d(17).
26839
Let b(k) = 11*k - 11. Let r be b(1). Let w(y) = 3*y**2 - y + 546. What are the prime factors of w(r)?
2, 3, 7, 13
Suppose 155*b - 1455398 = -65*b + 1121902. What are the prime factors of b?
3, 5, 11, 71
Let s(r) = 13*r**2 - 28*r - 166. List the prime factors of s(13).
1667
Let h(d) = d**2 + 5*d - 24. Let x be h(-8). Suppose -n + 0*n + 4 = x. What are the prime factors of -3 + 12/n + 54?
2, 3
Let p(j) = -j**3 - 7*j**2 - 7*j - 2. Let b be (-140)/21 - (2/3)/2. Let q be p(b). Let t = q + 41. List the prime factors of t.
2, 11
Let i = 241 + 2009. Suppose i = 5*d + 4*b + b, -4*b = -5*d + 2286. List the prime factors of d.
2, 227
Let s(n) = -n**2 - 11*n - 11. Suppose 15 = -6*g - 27. Let x be s(g). Suppose -239 = -2*y - x. List the prime factors of y.
3, 37
Let c(w) be the third derivative of 3*w**4/8 + 245*w**2. Let r = 23 - 11. List the prime factors of c(r).
2, 3
What are the prime factors of ((-546)/56 + 10)*72956?
13, 23, 61
Let g(k) = 2*k**2 + 5*k - 22. Let m be g(28). Suppose -2*c = -5*a - m, -15*a = -13*a + 4. List the prime factors of c.
2, 419
Let q = 34 + -30. Suppose -5*n - 349 = r, n = q*r + r - 75. Let o = -66 - n. List the prime factors of o.
2
Suppose -2*v + z + 2*z = 1, 4*z = -v + 16. Suppose 7*x - v*x = 5*u - 78, 3*u = -5*x + 40. Suppose -u*w = -20*w + 370. What are the prime factors of w?
2, 37
Let u(z) = -6*z + 218. Let b be u(36). Suppose -3*j - 12 = -p, 2*p - 5*j - 9 = 4*p. List the prime factors of (4 - p)/(b/236).
2, 59
Let i(x) = x**2 - 12*x + 27. Let r = -141 - -129. List the prime factors of i(r).
3, 5, 7
Suppose 3*d + 2*d = 10. Suppose -22 = -d*y - 12. Suppose -5*w + 489 + 31 = y*t, 5*w + t = 508. List the prime factors of w.
101
Suppose 481*z = 543*z - 1139002. List the prime factors of z.
18371
Suppose -a + 12634 = 2*j - 9271, a - 21898 = 5*j. What are the prime factors of a?
3, 7, 149
Let t = 6198 - 2555. What are the prime factors of t?
3643
Let s(o) = o**2 - 6*o + 11. Let n be s(5). Suppose -c = -4*k + 16 + n, -k = -c - 37. Let d = c + 204. What are the prime factors of d?
2, 3
Let t be (-32)/(-10) - (484/(-55))/11. What are the prime factors of t*1 - (31 - 1368)?
3, 149
Let f be 8 + (-12)/3 + (-13 - -14). Suppose -3*x + 4*a + 1059 = -2*x, x = -f*a + 1077. List the prime factors of x.
11, 97
Let o(m) = -17*m**2 - 6*m + 12. Let g be o(7). Let z = g + 1524. List the prime factors of z.
661
Suppose -z + 6*z = 3350. Suppose -z = -2*b - 112. What are the prime factors of b?
3, 31
Suppose 88125 = -36*t - 44283. What are the prime factors of t/(-6) - (-2)/2*-2?
13, 47
Suppose 440 = 4*t - 88. Suppose 8*h - t = 5*h. Let m = -40 + h. What are the prime factors of m?
2
What are the prime factors of 527180/(-258)*(-6)/5?
2, 613
Suppose 5*i = 35*z - 37*z + 17632, 35354 = 4*z - 5*i. List the prime factors of z.
8831
Suppose -3*o + 3757 = 4*l - 6856, -4*l + 7078 = 2*o. What are the prime factors of o?
5, 7, 101
Let y = 219 - -152. Let g = y - 159. What are the prime factors of g?
2, 53
Suppose 3*p + 4*z = 865, p + p + 3*z = 575. Suppose 0 = -4*l + 2 + 6, -p = -c + 4*l. What are the prime factors of c?
3, 101
List the prime factors of -51 - -60 - (-42660 + 0).
3, 11, 431
Let k(b) = 10*b**2 - 18*b + 81. Let q be k(4). Suppose -q = -a + 348. List the prime factors of a.
11, 47
Let m = 45 + 55. Suppose -3*t + m = -8*t. Let h = 31 - t. List the prime factors of h.
3, 17
List the prime factors of (-5)/4 - (2602899/(-72) + 12/96).
2, 3, 5, 241
Suppose 2*j - 48 - 16 = 0. Suppose -g + 145 + 1 = 5*m, 140 = 5*m - 5*g. Let z = j - m. What are the prime factors of z?
3
Suppose -v - 118863 = -5*z, 20*z + 2*v = 22*z - 47534. List the prime factors of z.
2, 11887
Suppose 2*w - 10 = -3*n - 0*w, -20 = -n - 4